tors of 308?
2, 7, 11
What are the prime factors of 1345?
5, 269
List the prime factors of 1849.
43
List the prime factors of 1452.
2, 3, 11
List the prime factors of 795.
3, 5, 53
List the prime factors of 2702.
2, 7, 193
List the prime factors of 65498.
2, 32749
List the prime factors of 438.
2, 3, 73
List the prime factors of 1035.
3, 5, 23
List the prime factors of 37117.
37117
What are the prime factors of 24727?
79, 313
What are the prime factors of 4596?
2, 3, 383
List the prime factors of 163650.
2, 3, 5, 1091
What are the prime factors of 36892?
2, 23, 401
What are the prime factors of 8161?
8161
List the prime factors of 36787.
36787
List the prime factors of 24279.
3, 8093
List the prime factors of 627.
3, 11, 19
What are the prime factors of 2104?
2, 263
What are the prime factors of 1600?
2, 5
List the prime factors of 21044.
2, 5261
What are the prime factors of 2975?
5, 7, 17
List the prime factors of 11944.
2, 1493
What are the prime factors of 1878?
2, 3, 313
What are the prime factors of 13020?
2, 3, 5, 7, 31
List the prime factors of 10362.
2, 3, 11, 157
What are the prime factors of 189?
3, 7
What are the prime factors of 80151?
3, 26717
List the prime factors of 1305.
3, 5, 29
List the prime factors of 304.
2, 19
List the prime factors of 35376.
2, 3, 11, 67
List the prime factors of 313.
313
What are the prime factors of 2909?
2909
What are the prime factors of 43977?
3, 107, 137
List the prime factors of 2627.
37, 71
What are the prime factors of 147723?
3, 41, 1201
What are the prime factors of 1589?
7, 227
List the prime factors of 18452.
2, 7, 659
What are the prime factors of 89221?
11, 8111
What are the prime factors of 2969?
2969
What are the prime factors of 220?
2, 5, 11
What are the prime factors of 664?
2, 83
What are the prime factors of 11644?
2, 41, 71
What are the prime factors of 123607?
11, 17, 661
What are the prime factors of 2890?
2, 5, 17
What are the prime factors of 58525?
5, 2341
List the prime factors of 356.
2, 89
What are the prime factors of 104?
2, 13
List the prime factors of 26482.
2, 13241
List the prime factors of 3503.
31, 113
List the prime factors of 34690.
2, 5, 3469
What are the prime factors of 847?
7, 11
List the prime factors of 998.
2, 499
List the prime factors of 1539.
3, 19
What are the prime factors of 11432?
2, 1429
List the prime factors of 2092.
2, 523
What are the prime factors of 1280?
2, 5
List the prime factors of 14359.
83, 173
What are the prime factors of 3103?
29, 107
List the prime factors of 43970.
2, 5, 4397
List the prime factors of 23043.
3, 7681
What are the prime factors of 9495?
3, 5, 211
List the prime factors of 54062.
2, 27031
List the prime factors of 89053.
19, 43, 109
List the prime factors of 8966.
2, 4483
List the prime factors of 38963.
47, 829
What are the prime factors of 6373?
6373
List the prime factors of 7027.
7027
What are the prime factors of 8113?
7, 19, 61
List the prime factors of 11884.
2, 2971
What are the prime factors of 9918?
2, 3, 19, 29
List the prime factors of 1570.
2, 5, 157
List the prime factors of 883.
883
What are the prime factors of 313?
313
List the prime factors of 1349.
19, 71
List the prime factors of 22962.
2, 3, 43, 89
What are the prime factors of 4813?
4813
What are the prime factors of 10231?
13, 787
List the prime factors of 2105.
5, 421
List the prime factors of 45472.
2, 7, 29
What are the prime factors of 51541?
7, 37, 199
What are the prime factors of 5967?
3, 13, 17
What are the prime factors of 130931?
311, 421
What are the prime factors of 60?
2, 3, 5
What are the prime factors of 24746?
2, 12373
List the prime factors of 4023.
3, 149
List the prime factors of 40490.
2, 5, 4049
List the prime factors of 4904.
2, 613
List the prime factors of 15087.
3, 47, 107
List the prime factors of 75508.
2, 43, 439
What are the prime factors of 412?
2, 103
List the prime factors of 12142.
2, 13, 467
What are the prime factors of 5202?
2, 3, 17
What are the prime factors of 375?
3, 5
What are the prime factors of 5919?
3, 1973
What are the prime factors of 8943?
3, 11, 271
What are the prime factors of 605?
5, 11
What are the prime factors of 128812?
2, 32203
List the prime factors of 1051.
1051
What are the prime factors of 41886?
2, 3, 13, 179
What are the prime factors of 65?
5, 13
List the prime factors of 6641.
29, 229
List the prime factors of 88316.
2, 22079
List the prime factors of 69238.
2, 13, 2663
What are the prime factors of 7358?
2, 13, 283
What are the prime factors of 5992?
2, 7, 107
List the prime factors of 21477.
3, 7159
List the prime factors of 10829.
7, 13, 17
What are the prime factors of 14426?
2, 7213
List the prime factors of 53545.
5, 10709
List the prime factors of 5970.
2, 3, 5, 199
What are the prime factors of 127825?
5, 5113
What are the prime factors of 47657?
47657
What are the prime factors of 12963?
3, 29, 149
List the prime factors of 20.
2, 5
What are the prime factors of 4924?
2, 1231
List the prime factors of 2137.
2137
List the prime factors of 94772.
2, 19, 29, 43
List the prime factors of 979.
11, 89
List the prime factors of 8486.
2, 4243
List the prime factors of 6788.
2, 1697
What are the prime factors of 66588?
2, 3, 31, 179
What are the prime factors of 1137?
3, 379
List the prime factors of 4204.
2, 1051
What are the prime factors of 150425?
5, 11, 547
List the prime factors of 5912.
2, 739
List the prime factors of 10737.
3, 1193
What are the prime factors of 2911?
41, 71
List the prime factors of 479.
479
List the prime factors of 33464.
2, 47, 89
List the prime factors of 35980.
2, 5, 7, 257
List the prime factors of 5031.
3, 13, 43
What are the prime factors of 5324?
2, 11
What are the prime factors of 68?
2, 17
What are the prime factors of 5749?
5749
What are the prime factors of 71?
71
List the prime factors of 3006.
2, 3, 167
What are the prime factors of 65571?
3, 11, 1987
What are the prime factors of 3056?
2, 191
List the prime factors of 330.
2, 3, 5, 11
List the prime factors of 81188.
2, 20297
List the prime factors of 23095.
5, 31, 149
List the prime factors of 20727.
3, 7, 47
What are the prime factors of 8033?
29, 277
List the prime factors of 2242.
2, 19, 59
List the prime factors of 63.
3, 7
List the prime factors of 52632.
2, 3, 17, 43
What are the prime factors of 71?
71
List the prime factors of 1440.
2, 3, 5
List the prime factors of 3182.
2, 37, 43
What are the prime factors of 102?
2, 3, 17
What are the prime factors of 16468?
2, 23, 179
List the prime factors of 131630.
2, 5, 13163
What are the prime factors of 5353?
53, 101
List the prime factors of 5221.
23, 227
What are the prime factors of 1522?
2, 761
What are the prime factors of 25?
5
List the prime factors of 29701.
7, 4243
List the prime factors of 41354.
2, 23, 29, 31
What are the prime factors of 2494?
2, 29, 43
List the prime factors of 3391.
3391
List the prime factors of 110254.
2, 55127
List the prime factors of 6465.
3, 5, 431
What are the prime factors of 23217?
3, 71, 109
List the prime factors of 375.
3, 5
What are the prime factors of 4349?
4349
What are the prime factors of 41?
41
What are the prime factors of 1482?
2, 3, 13, 19
List the prime factors of 9084.
2, 3, 757
What are the prime factors of 4902?
2, 3, 19, 43
List the prime factors of 4361.
7, 89
List the prime factors of 42755.
5, 17, 503
List the prime factors of 162606.
2, 3, 41, 661
What are the prime factors of 8190?
2, 3, 5, 7, 13
What are the prime factors of 3825?
3, 5, 17
What are the prime factors of 633?
3, 211
What are the prime factors of 3073?
7, 439
What are the prime factors of 2050?
2, 5, 41
List the prime factors of 2097.
3, 233
What are the prime factors of 1575?
3, 5, 7
What are the prime factors of 11279?
11279
List the prime factors of 918.
2, 3, 17
List the prime factors of 92891.
19, 4889
What are the prime factors of 88631?
263, 337
What are the prime factors of 1609?
1609
What are the prime factors of 9219?
3, 7, 439
List the prime factors of 17383.
17383
List the prime factors of 96.
2, 3
What are the prime factors of 3296?
2, 103
List the prime factors of 20248.
2, 2531
What are the prime factors of 120?
2, 3, 5
What are the prime factors of 2369?
23, 103
List the prime factors of 33